of a(k)?
2, 5
What are the prime factors of 1647 + (84/22 - 2/(-11))?
13, 127
Suppose -234*p + 294 = -232*p. What are the prime factors of p?
3, 7
Suppose p = -2440 + 8318. List the prime factors of p.
2, 2939
Let y(d) = d**3 - 41*d**2 - 37*d - 63. List the prime factors of y(43).
2, 7, 73
Let v be (3/(-16)*12)/((-3)/32). List the prime factors of -24*(-159)/v*2.
2, 3, 53
Let x(b) = 4*b**3 - b**2 + b - 1. Suppose a - 1 + 0 = 0. Let v be x(a). Suppose -d - v*d = -36. What are the prime factors of d?
3
Suppose 0 = 2*s - 104 + 20. Let u = -29 + s. Suppose 162 = 5*q - u. List the prime factors of q.
5, 7
Suppose -5*c + 2*h - 13 = 0, -4*c - 2*h = -5 + 1. Let s(n) = -154*n**3 + n. What are the prime factors of s(c)?
3, 17
Let c = -322 - -424. What are the prime factors of c?
2, 3, 17
Suppose -5*q - 10 = 5*z, 2*q + 0*q - 5*z = 10. Suppose -5*v = 2*o - 205, q = -o + 2*v - 5*v + 101. List the prime factors of o.
2, 5, 11
Suppose 5*m + 54 = -0*j - 4*j, -3*j = 5*m + 38. Let v = 117 + j. What are the prime factors of v?
101
Suppose 7*w - 850 - 746 = 0. What are the prime factors of w?
2, 3, 19
Let n(y) = -8*y**2 + 2*y + 3. Let u be n(5). Let r = 327 + u. List the prime factors of r.
2, 5, 7
What are the prime factors of 3/(-1)*(18 + -47)?
3, 29
Let t(r) = r + 11. Let k be t(-11). Suppose -q = -5*c + 5, k = -2*q + c - 5*c + 18. Suppose 3*s - 9 = 0, -3*y + q*s - 62 = -4*y. List the prime factors of y.
47
Let h be (-24)/10*(1125/(-10))/(-5). Let d = -26 - h. List the prime factors of d.
2, 7
Let f(c) = 2 - 3*c - 4 - 7*c - 6. Let w be f(-4). Suppose 4*o - 4*y = w + 160, 2*y = -o + 63. List the prime factors of o.
53
Suppose -b = -6*b - 40. Let f = 12 + b. What are the prime factors of 18/f*24/9?
2, 3
Suppose 5*t - 674 = -d, 5*d + 0*t = 3*t + 3342. List the prime factors of d.
3, 223
Let k(u) = -u**3 - 2*u**2 + 2*u - 3. Let d be k(-3). Suppose -h - h + 112 = d. List the prime factors of h.
2, 7
Suppose -2*h = 3*d - 0*h + 21, -4*h - 32 = 4*d. What are the prime factors of (84/d)/((-15)/50)?
2, 7
Let g(h) = -64*h + 64. Let r(l) = -13*l + 13. Let m(s) = 5*g(s) - 24*r(s). Let f be m(6). Let i = f + 75. List the prime factors of i.
5, 7
Let p(q) = 2*q**2 + q. Let r(d) = -7*d**2 - 10. Let z(b) = 4*p(b) + r(b). What are the prime factors of z(15)?
5, 11
Let b(d) = -d - 8. Suppose -3*c - 15 - 19 = q, 3 = -3*q. Let p be b(c). Suppose -g + 29 = 3*z - 0*z, -p*z = 3*g - 57. List the prime factors of g.
2, 7
Suppose 326 = 3*v + 4*l - 19, -3*v + 3*l + 345 = 0. List the prime factors of v + -2 + 2 + 2.
3, 13
Let f = 796 - 278. List the prime factors of f.
2, 7, 37
Let a = 101 + -91. What are the prime factors of a/2 - (3 - 1)?
3
Let v(g) = g**3 + 16*g**2 - 4*g + 11. Let b = 16 + -32. List the prime factors of v(b).
3, 5
Let l = -16 + 20. Suppose -2 = 2*w, l*f - 3*f - 55 = 5*w. Suppose 2*q = -2*a + f, -a + 23 = -q - 0. List the prime factors of a.
2, 3
Let u = -2 - -11. Let d(s) = -s**3 + 10*s**2 - 4*s - 12. List the prime factors of d(u).
3, 11
Let m(k) = -k**3 + 7*k**2 + 2*k - 9. List the prime factors of m(-9).
3, 47
Let x(z) = z**2 + 4*z + 30. What are the prime factors of x(24)?
2, 3, 13
What are the prime factors of (-50284)/(-20) - ((-24)/5)/(-4)?
7, 359
Suppose -2*g - 5*l = -6*l - 1553, 787 = g - 4*l. What are the prime factors of g?
5, 31
Let s be (2/4)/(3/(-30)). Let b = s + 4. What are the prime factors of 3/b*16/(-12)?
2
Suppose -10*d = -5*d - 10. Suppose -13 - 15 = -d*b. Suppose 2*s - b - 42 = 0. List the prime factors of s.
2, 7
Let t(q) = -q**3 + 8*q**2 + 6*q - 3. Let i be t(6). Suppose 5*w - 5*n = 130, 3*w = -3*n + i - 21. Suppose -3*s + w + 6 = 0. List the prime factors of s.
11
Let g(i) = -12 - 3*i**3 + 2*i**3 - 3 + 11*i**2 + 5*i. What are the prime factors of g(10)?
3, 5
Let n(v) = 183*v - 103. List the prime factors of n(4).
17, 37
Let g(f) = 4*f + 32. Let k(w) = w**3 - 5*w**2 + 4*w. Let x be k(3). List the prime factors of g(x).
2
Let k(b) = -12*b + 6. Let c be k(-6). List the prime factors of (-5 - 115/(-15))*c/4.
2, 13
Suppose 1551 = w + 3*j, 8163 = 5*w + 2*j + 382. What are the prime factors of w?
3, 173
Let v(q) = -14*q**3 - 4*q**2 + 8*q - 1. List the prime factors of v(-3).
317
Suppose -6*s = -8537 - 1627. List the prime factors of s.
2, 7, 11
Let l(s) = -s**3 + 5*s**2 + 6*s - 11. Let h be l(6). Let j = h + 14. Suppose -j = -z + 21. What are the prime factors of z?
2, 3
Let v be 4 + -1 - (13 + -9). Let n be 22/8 + v/(-4). Suppose -3*w = n*y - 30, -5 + 2 = w. List the prime factors of y.
13
Let d(f) = 16*f**3 - 7*f**2 + 5*f - 6. What are the prime factors of d(5)?
2, 461
Let y = 0 + 3. Suppose -l + 64 = 4*i, -3*i + i - y*l = -42. List the prime factors of i.
3, 5
Let u be 1/3 - 2696/(-12). Suppose -3*a + u = 3*k - 0*k, -3*k + 219 = -3*a. List the prime factors of k.
2, 37
Let f = 290 - -373. What are the prime factors of f?
3, 13, 17
Suppose -4*c - 297 = -c. Let y = -37 - c. List the prime factors of y.
2, 31
Suppose -4*h = -5*c - 4285, 44*c = h + 45*c - 1060. List the prime factors of h.
3, 5, 71
Suppose 14098 = 31*n - 17*n. What are the prime factors of n?
19, 53
Let d(y) = 4*y - 2. Let q be d(-1). List the prime factors of (6/5)/q*-415.
83
Suppose -20*z + 48984 = -24116. What are the prime factors of z?
5, 17, 43
Suppose -4*x + 25 - 5 = 0. Suppose -x*p - 2*j - j + 835 = 0, 0 = -p - j + 169. What are the prime factors of p?
2, 41
Suppose -20 = -5*t, -5*y - 5*t + 2*t = -62. Suppose y = -0*c + 5*c. List the prime factors of ((-24)/42)/(c/(-7)).
2
Suppose 8*k - 396 = -14*k. List the prime factors of k.
2, 3
Suppose -3510 = -2*l + 3*v, -5*v = 4*l - 0*l - 7020. Suppose 9*m = 22*m - l. List the prime factors of m.
3, 5
Suppose 5*b = -2*p + 30, 6*b - 4*b + 4*p = 28. Let m(s) be the first derivative of s**4/4 - 2*s**3/3 - 3*s**2 + 6*s - 5. List the prime factors of m(b).
2, 7
Suppose -5*r + 1672 = -618. What are the prime factors of r?
2, 229
Suppose -4*k - 3*o + 5688 = 0, -o - 2842 = -2*k - 2*o. List the prime factors of k.
3, 11, 43
Let l be (-34)/(-8) + 24/32. Suppose -l*i - 4 + 14 = 0. Suppose -2 - 2 = o - 5*g, i*o - 5*g - 12 = 0. List the prime factors of o.
2
Let q = -1029 - -1475. List the prime factors of q.
2, 223
Let d be 2/3*(-360)/(-48). Let f(w) = w + 2*w**2 - 7 - 2*w - 3*w. What are the prime factors of f(d)?
23
Let h be 1*-211 + (14 - 13). Let m = 364 + h. List the prime factors of m.
2, 7, 11
Let i be (-4)/(-10) - 92/(-20). Suppose -i*s - 28 = -3*s. What are the prime factors of -1 - s - 9/(-9)?
2, 7
Let n = 875 - 103. List the prime factors of n/9 - 8/(-36).
2, 43
Suppose -12 = 3*n - 162. Suppose -4*c - c - n = -3*t, -10 = 2*t. Let x(y) = y**2 + 12*y - 2. What are the prime factors of x(c)?
11
Suppose 19*g + 5 = 14*g, -4*f + 3756 = -4*g. List the prime factors of f.
2, 7, 67
Suppose -5*g - 8*g = -4602. List the prime factors of g.
2, 3, 59
List the prime factors of ((-6)/4)/(18/36) - -646.
643
Let a = -1 - 1. Let n = 3 - a. Suppose 5 + 70 = n*h. What are the prime factors of h?
3, 5
Suppose 0 = -3*d - j - 243 - 17, -j + 444 = -5*d. Let w = 102 + d. List the prime factors of w.
2, 7
Suppose 165 = -3*b + 57. Let j = -12 - b. Suppose 2*q + 0*q - j = 0. What are the prime factors of q?
2, 3
Let i = 1022 - 655. What are the prime factors of i?
367
Let r = 24 - 19. Suppose -r + 17 = g. List the prime factors of 496/g - 2/(-3).
2, 3, 7
Let c = 146 + 472. List the prime factors of c.
2, 3, 103
Let g(u) = u + 32. Suppose 3*j = 5*j. What are the prime factors of g(j)?
2
Let v = 6417 + -3395. List the prime factors of v.
2, 1511
List the prime factors of 643 - -15*(-4)/12 - -4.
2, 3, 107
Let z = -84 - -55. Let u = 48 + z. What are the prime factors of u?
19
Let j be 1/3 - (-350)/30. Let m be -5 + 1/(4/j). List the prime factors of 16/3 - m/(-6).
5
Let i = -14 + 37. Let d = i - 6. List the prime factors of d.
17
Suppose -4*w + 5 = -9*w, 0 = 3*x - w - 19. Suppose -x*p + 61 = -5*p. What are the prime factors of p?
61
Suppose 78 = r - 5*v, -2*r + 3*v + 478 = 3*r. Let x = r + 7. What are the prime factors of x?
3, 5, 7
Let j(l) = -2*l**3 + l**2 + 4*l - 1. Let b be j(3). Let s = 19 + b. What are the prime factors of ((-124)/6)/(10/s)?
31
Let l(x) be the third derivative of -x**6/120 - x**5/20 - 7*x**3/6 + 3*x**2. Suppose -5*c - 4*p - 40 = 0, 1 = 4*c - 